ivided by 17?
16
Calculate the remainder when 1023 is divided by 145.
8
Calculate the remainder when 1652 is divided by 29.
28
What is the remainder when 79 is divided by 4?
3
Calculate the remainder when 163 is divided by 146.
17
Calculate the remainder when 250 is divided by 43.
35
Calculate the remainder when 71 is divided by 23.
2
What is the remainder when 154 is divided by 143?
11
What is the remainder when 1554 is divided by 6?
0
What is the remainder when 25 is divided by 9?
7
Calculate the remainder when 97 is divided by 13.
6
Calculate the remainder when 34 is divided by 10.
4
What is the remainder when 392 is divided by 179?
34
What is the remainder when 2503 is divided by 147?
4
What is the remainder when 3720 is divided by 51?
48
What is the remainder when 1049 is divided by 488?
73
What is the remainder when 140 is divided by 4?
0
Calculate the remainder when 245 is divided by 72.
29
Calculate the remainder when 2208 is divided by 160.
128
What is the remainder when 3125 is divided by 36?
29
What is the remainder when 479 is divided by 8?
7
Calculate the remainder when 6661 is divided by 136.
133
What is the remainder when 41 is divided by 14?
13
Calculate the remainder when 3191 is divided by 266.
265
Calculate the remainder when 333 is divided by 16.
13
What is the remainder when 365 is divided by 44?
13
Calculate the remainder when 989 is divided by 33.
32
What is the remainder when 63 is divided by 14?
7
Calculate the remainder when 49 is divided by 30.
19
Calculate the remainder when 299 is divided by 185.
114
Calculate the remainder when 157 is divided by 16.
13
What is the remainder when 702 is divided by 11?
9
Calculate the remainder when 101 is divided by 67.
34
What is the remainder when 354 is divided by 9?
3
What is the remainder when 723 is divided by 70?
23
What is the remainder when 1691 is divided by 153?
8
What is the remainder when 303 is divided by 106?
91
What is the remainder when 1369 is divided by 152?
1
What is the remainder when 782 is divided by 53?
40
Calculate the remainder when 9447 is divided by 27.
24
Calculate the remainder when 283 is divided by 139.
5
Calculate the remainder when 1149 is divided by 167.
147
Calculate the remainder when 167 is divided by 24.
23
What is the remainder when 252 is divided by 25?
2
Calculate the remainder when 2911 is divided by 112.
111
What is the remainder when 324 is divided by 147?
30
Calculate the remainder when 4752 is divided by 49.
48
What is the remainder when 15 is divided by 11?
4
What is the remainder when 560 is divided by 42?
14
Calculate the remainder when 137 is divided by 4.
1
Calculate the remainder when 9 is divided by 5.
4
What is the remainder when 492 is divided by 61?
4
Calculate the remainder when 1309 is divided by 25.
9
Calculate the remainder when 2320 is divided by 71.
48
What is the remainder when 122 is divided by 100?
22
Calculate the remainder when 270 is divided by 103.
64
Calculate the remainder when 592 is divided by 27.
25
What is the remainder when 14239 is divided by 32?
31
What is the remainder when 219 is divided by 52?
11
What is the remainder when 64 is divided by 26?
12
Calculate the remainder when 58 is divided by 33.
25
Calculate the remainder when 296 is divided by 43.
38
Calculate the remainder when 69 is divided by 30.
9
What is the remainder when 115 is divided by 5?
0
Calculate the remainder when 89 is divided by 16.
9
Calculate the remainder when 132 is divided by 12.
0
Calculate the remainder when 66 is divided by 27.
12
Calculate the remainder when 545 is divided by 61.
57
What is the remainder when 126 is divided by 10?
6
What is the remainder when 14 is divided by 11?
3
What is the remainder when 3566 is divided by 395?
11
Calculate the remainder when 242 is divided by 56.
18
Calculate the remainder when 165 is divided by 37.
17
Calculate the remainder when 4717 is divided by 168.
13
Calculate the remainder when 56 is divided by 19.
18
Calculate the remainder when 55 is divided by 28.
27
Calculate the remainder when 48 is divided by 15.
3
What is the remainder when 550 is divided by 152?
94
What is the remainder when 206 is divided by 72?
62
What is the remainder when 852 is divided by 26?
20
What is the remainder when 200 is divided by 66?
2
Calculate the remainder when 15 is divided by 4.
3
What is the remainder when 93 is divided by 30?
3
Calculate the remainder when 252 is divided by 74.
30
Calculate the remainder when 8709 is divided by 51.
39
Calculate the remainder when 409 is divided by 80.
9
Calculate the remainder when 6069 is divided by 92.
89
Calculate the remainder when 2629 is divided by 28.
25
What is the remainder when 657 is divided by 68?
45
Calculate the remainder when 129 is divided by 25.
4
What is the remainder when 6649 is divided by 11?
5
What is the remainder when 37 is divided by 16?
5
What is the remainder when 105 is divided by 31?
12
What is the remainder when 124 is divided by 14?
12
What is the remainder when 443 is divided by 17?
1
What is the remainder when 79 is divided by 33?
13
What is the remainder when 122 is divided by 19?
8
Calculate the remainder when 2259 is divided by 3.
0
What is the remainder when 1999 is divided by 331?
13
What is the remainder when 14037 is divided by 26?
23
What is the remainder when 244 is divided by 186?
58
Calculate the remainder when 279 is divided by 99.
81
Calculate the remainder when 4550 is divided by 29.
26
Calculate the remainder when 36 is divided by 4.
0
What is the remainder when 304 is divided by 303?
1
What is the remainder when 1760 is divided by 125?
10
What is the remainder when 5312 is divided by 21?
20
Calculate the remainder when 525 is divided by 16.
13
What is the remainder when 787 is divided by 16?
3
What is the remainder when 149 is divided by 22?
17
What is the remainder when 862 is divided by 420?
22
What is the remainder when 17 is divided by 3?
2
What is the remainder when 3348 is divided by 67?
65
What is the remainder when 34 is divided by 2?
0
What is the remainder when 168 is divided by 51?
15
What is the remainder when 67 is divided by 14?
11
Calculate the remainder when 3246 is divided by 26.
22
Calculate the remainder when 107 is divided by 27.
26
Calculate the remainder when 5552 is divided by 123.
17
What is the remainder when 897 is divided by 75?
72
Calculate the remainder when 6718 is divided by 11.
8
Calculate the remainder when 1543 is divided by 221.
217
What is the remainder when 258 is divided by 102?
54
What is the remainder when 816 is divided by 137?
131
What is the remainder when 250 is divided by 64?
58
What is the remainder when 704 is divided by 47?
46
What is the remainder when 539 is divided by 475?
64
Calculate the remainder when 91 is divided by 21.
7
What is the remainder when 416 is divided by 105?
101
What is the remainder when 271 is divided by 271?
0
What is the remainder when 1745 is divided by 14?
9
What is the remainder when 115 is divided by 13?
11
Calculate the remainder when 49 is divided by 32.
17
What is the remainder when 929 is divided by 228?
17
Calculate the remainder when 613 is divided by 234.
145
Calculate the remainder when 713 is divided by 7.
6
Calculate the remainder when 35091 is divided by 283.
282
Calculate the remainder when 129 is divided by 41.
6
Calculate the remainder when 3015 is divided by 602.
5
Calculate the remainder when 2077 is divided by 63.
61
What is the remainder when 76 is divided by 29?
18
Calculate the remainder when 553 is divided by 276.
1
What is the remainder when 1294 is divided by 28?
6
What is the remainder when 200 is divided by 53?
41
Calculate the remainder when 391 is divided by 81.
67
Calculate the remainder when 9 is divided by 8.
1
Calculate the remainder when 573 is divided by 72.
69
What is the remainder when 3259 is divided by 192?
187
Calculate the remainder when 565 is divided by 21.
19
Calculate the remainder when 177 is divided by 31.
22
Calculate the remainder when 349 is divided by 110.
19
What is the remainder when 85 is divided by 33?
19
Calculate the remainder when 103 is divided by 49.
5
What is the remainder when 57 is divided by 43?
14
Calculate the remainder when 119 is divided by 41.
37
What is the remainder whe